of 94936?
3
What is the hundreds digit of 18960?
9
What is the thousands digit of 2483?
2
What is the hundreds digit of 59533?
5
What is the tens digit of 30505?
0
What is the hundreds digit of 21332?
3
What is the units digit of 45137?
7
What is the tens digit of 2718?
1
What is the units digit of 3324?
4
What is the tens digit of 3274?
7
What is the ten thousands digit of 11370?
1
What is the tens digit of 21630?
3
What is the units digit of 9304?
4
What is the tens digit of 464?
6
What is the units digit of 1649?
9
What is the tens digit of 2804?
0
What is the units digit of 93851?
1
What is the tens digit of 74610?
1
What is the thousands digit of 5109?
5
What is the hundreds digit of 4637?
6
What is the tens digit of 1140?
4
What is the ten thousands digit of 34563?
3
What is the ten thousands digit of 30340?
3
What is the hundreds digit of 6054?
0
What is the thousands digit of 1621?
1
What is the units digit of 1108?
8
What is the ten thousands digit of 66028?
6
What is the units digit of 3479?
9
What is the thousands digit of 134398?
4
What is the units digit of 75282?
2
What is the units digit of 463?
3
What is the units digit of 39160?
0
What is the hundreds digit of 8554?
5
What is the tens digit of 2003?
0
What is the hundreds digit of 995?
9
What is the tens digit of 1133?
3
What is the thousands digit of 94039?
4
What is the hundreds digit of 5651?
6
What is the units digit of 103337?
7
What is the units digit of 47191?
1
What is the tens digit of 8451?
5
What is the units digit of 282?
2
What is the units digit of 3716?
6
What is the tens digit of 8322?
2
What is the units digit of 60300?
0
What is the tens digit of 25882?
8
What is the tens digit of 42370?
7
What is the thousands digit of 1284?
1
What is the units digit of 7318?
8
What is the hundreds digit of 4120?
1
What is the tens digit of 6973?
7
What is the hundreds digit of 5133?
1
What is the ten thousands digit of 16459?
1
What is the hundreds digit of 1610?
6
What is the units digit of 14983?
3
What is the units digit of 1520?
0
What is the thousands digit of 2144?
2
What is the units digit of 953?
3
What is the tens digit of 19617?
1
What is the hundreds digit of 26442?
4
What is the hundreds digit of 142?
1
What is the thousands digit of 69622?
9
What is the thousands digit of 35436?
5
What is the units digit of 954?
4
What is the units digit of 476?
6
What is the tens digit of 1415?
1
What is the hundreds digit of 70661?
6
What is the units digit of 31680?
0
What is the hundreds digit of 228?
2
What is the hundreds digit of 688?
6
What is the units digit of 591?
1
What is the hundreds digit of 6800?
8
What is the ten thousands digit of 143768?
4
What is the units digit of 15230?
0
What is the tens digit of 2811?
1
What is the ten thousands digit of 22406?
2
What is the thousands digit of 71611?
1
What is the hundreds digit of 1419?
4
What is the hundreds digit of 9687?
6
What is the thousands digit of 1807?
1
What is the thousands digit of 7176?
7
What is the tens digit of 1442?
4
What is the tens digit of 1472?
7
What is the tens digit of 1931?
3
What is the units digit of 631?
1
What is the ten thousands digit of 21682?
2
What is the thousands digit of 1266?
1
What is the units digit of 5106?
6
What is the ten thousands digit of 28248?
2
What is the thousands digit of 4207?
4
What is the units digit of 5500?
0
What is the hundreds digit of 454?
4
What is the tens digit of 1741?
4
What is the hundreds digit of 953?
9
What is the units digit of 381?
1
What is the units digit of 3546?
6
What is the units digit of 7261?
1
What is the units digit of 693?
3
What is the thousands digit of 8943?
8
What is the hundreds digit of 9902?
9
What is the hundreds digit of 3414?
4
What is the ten thousands digit of 10024?
1
What is the tens digit of 5676?
7
What is the units digit of 407?
7
What is the units digit of 2205?
5
What is the units digit of 981?
1
What is the units digit of 35671?
1
What is the thousands digit of 11736?
1
What is the tens digit of 59?
5
What is the tens digit of 4233?
3
What is the thousands digit of 1160?
1
What is the thousands digit of 4957?
4
What is the tens digit of 681?
8
What is the tens digit of 2713?
1
What is the units digit of 144?
4
What is the tens digit of 3341?
4
What is the units digit of 61?
1
What is the hundreds digit of 26277?
2
What is the ten thousands digit of 60908?
6
What is the tens digit of 7979?
7
What is the units digit of 4608?
8
What is the hundred thousands digit of 175999?
1
What is the tens digit of 165487?
8
What is the hundreds digit of 1861?
8
What is the ten thousands digit of 73490?
7
What is the units digit of 7969?
9
What is the ten thousands digit of 10321?
1
What is the hundreds digit of 32751?
7
What is the ten thousands digit of 32973?
3
What is the hundreds digit of 9505?
5
What is the units digit of 41?
1
What is the hundreds digit of 3084?
0
What is the units digit of 325?
5
What is the tens digit of 1077?
7
What is the hundreds digit of 2349?
3
What is the hundreds digit of 15074?
0
What is the hundreds digit of 8895?
8
What is the units digit of 14497?
7
What is the hundreds digit of 2488?
4
What is the units digit of 1163?
3
What is the thousands digit of 22662?
2
What is the hundreds digit of 2720?
7
What is the tens digit of 4347?
4
What is the hundreds digit of 106861?
8
What is the tens digit of 3576?
7
What is the tens digit of 3156?
5
What is the units digit of 8708?
8
What is the hundreds digit of 17562?
5
What is the tens digit of 1626?
2
What is the units digit of 20710?
0
What is the ten thousands digit of 48399?
4
What is the ten thousands digit of 77817?
7
What is the tens digit of 3229?
2
What is the hundreds digit of 1036?
0
What is the hundreds digit of 169828?
8
What is the hundreds digit of 5541?
5
What is the units digit of 880?
0
What is the thousands digit of 2124?
2
What is the ten thousands digit of 17931?
1
What is the tens digit of 61672?
7
What is the tens digit of 32139?
3
What is the tens digit of 771?
7
What is the ten thousands digit of 91477?
9
What is the hundreds digit of 426?
4
What is the ten thousands digit of 16358?
1
What is the units digit of 7019?
9
What is the hundreds digit of 60792?
7
What is the units digit of 9231?
1
What is the ten thousands digit of 29709?
2
What is the hundreds digit of 3132?
1
What is the ten thousands digit of 23273?
2
What is the hundreds digit of 261?
2
What is the thousands digit of 4828?
4
What is the hundreds digit of 20780?
7
What is the tens digit of 13579?
7
What is the units digit of 1087?
7
What is the hundreds digit of 1036?
0
What is the tens digit of 1587?
8
What is the thousands digit of 13146?
3
What is the units digit of 37249?
9
What is the tens digit of 1311?
1
What is the thousands digit of 163875?
3
What is the tens digit of 22167?
6
What is the ten thousands digit of 39679?
3
What is the hundreds digit of 20709?
7
What is the ten thousands digit of 13951?
1
What is the units digit of 145?
5
What is the units digit of 458?
8
What is the tens digit of 374?
7
What is the thousands digit of 8138?
8
What is the units digit of 17003?
3
What is the tens digit of 12869?
6
What is the tens digit of 24493?
9
What is the units digit of 528?
8
What is the units digit of 960?
0
What is the tens digit of 1679?
7
What is the hundreds digit of 3260?
2
What is the thousands digit of 12006?
2
What is the units digit of 20019?
9
What is the units digit of 3000?
0
What is the thousands digit of 87576?
7
What is the tens digit of 28579?
7
What is the thousands digit of 2650?
2
What is the hundreds digit of 9963?
9
What is the thousands digit of 11779?
1
What is the thousands digit of 7159?
7
What is the thousands digit of 2100?
2
What is the tens digit of 3969?
6
What is the thousands digit of 92543?
2
What is the hundreds digit of 56150?
1
What is the tens digit of 186?
8
What is the tens digit of 29029?
2
What is the tens digit of 2041?
4
What is the tens digit of 372?
7
What is the thousands digit of 2151?
2
What is the hundreds digit of 1721?
7
What is the hundreds digit of 375?
3
What is the units digit of 5748?
8
What is the units digit of 89608?
8
What is the thousands digit of 75688?
5
What is the tens digit of 4044?
4
What